se 10*o - 6*o = -5*d + 137, 4*d = -o + 26. Suppose -6*q = w - q - o, 0 = 3*w - 2*q - 80. Calculate the greatest common divisor of 21 and w.
7
Let h be (6/8)/((-2)/(-320)). Suppose 0*v - o = 3*v - 68, -89 = -4*v - o. Let t be v/(-49) + (-426)/(-14). What is the greatest common factor of h and t?
30
Let g be -8 + 5898/8 + 6/8. Calculate the greatest common factor of 5 and g.
5
Let s be ((-12)/9)/(5/(-45)). Suppose s = -0*d + 4*d. Suppose 12 = d*x - u + 2*u, -u = -x. What is the greatest common divisor of x and 12?
3
Let n be (((-3264)/(-18))/(-17))/(10/(-1365)). What is the greatest common factor of 910 and n?
182
Let o be -2 + (-5 - -9) + -1. Let p be (26 - o)/(3/3). Calculate the greatest common factor of 15 and p.
5
Suppose -3*w + 5 + 19 = 0. Suppose -85 - 27 = w*y. Let p = 20 + y. Calculate the greatest common factor of p and 12.
6
Let w = -60 - -60. Suppose -5*a - 15 = w, 5*d - 3*a = -22 + 91. What is the greatest common divisor of d and 384?
12
Let p be 2/20*4 + -2*1911/(-70). Calculate the highest common divisor of p and 4125.
55
Let z = 270 - 134. Suppose -10*f - 56 = -z. What is the highest common divisor of f and 68?
4
Suppose -67*y = -77*y + 330. Let n = 1 + -10. Let c be (154/y)/((-2)/n). What is the highest common factor of 147 and c?
21
Suppose 5*y = 21*h - 19*h + 1996, -4*y + 1610 = 5*h. Suppose -2*s = 5*v - 170, 4*s = 4*v + 14 - 122. Calculate the highest common divisor of y and v.
16
Let f = -926 + 4169. What is the greatest common divisor of f and 141?
141
Let r(f) be the first derivative of 14/3*f**3 + 0*f**2 + 2 + 0*f. Let t be r(2). What is the highest common divisor of t and 8?
8
Suppose -3*s = -s + 2, -3*s = 3*l - 507. Suppose 0 = 5*b + 2*g - l, 0 = -b - 0*g + 5*g + 7. Calculate the highest common factor of b and 4.
4
Let r(q) = -2*q**3 - 208*q**2 + 199*q - 345. Let x be r(-105). What is the greatest common divisor of x and 720?
90
Suppose -40 = 184*p - 188*p. Suppose -12 = -5*k - k. Suppose u + 110 = k*u. What is the highest common factor of p and u?
10
Suppose 42 = 4*p - 10*p. Let w be -5 - (56/p + 2). Calculate the greatest common divisor of w and 23.
1
Suppose -3*v - v = 72. Let m = -32 - v. Let o = -7 - m. Calculate the greatest common factor of 14 and o.
7
Let h = 157 - 159. Let g be (h + (-2 - (-36)/8))*62. What is the highest common factor of 31 and g?
31
Let k(s) = -2*s**2 + 89*s + 53. Let x be k(45). Suppose 15 = -11*d + x*d, 2*z - 2*d = 170. Suppose 3*a = 60 - 0. What is the highest common divisor of z and a?
20
Let z(f) = -f**3 + 10*f**2 - 7*f - 41. Let r = 98 - 90. Let c be z(r). What is the highest common divisor of c and 124?
31
Suppose 3*o - 13*a = -18*a + 319, 5*a + 5 = 0. Let w(k) = k**3 - k**2 - 2*k - 4. Let u be w(4). What is the highest common divisor of o and u?
36
Let v(i) = 3*i. Let l(m) = 15*m + 106. Let a(t) = l(t) - 2*v(t). Let u be a(-11). Calculate the greatest common factor of u and 63.
7
Let h = 182 + -156. Suppose -h*d = -24*d - 64. Calculate the highest common divisor of d and 288.
32
Suppose 32 = -3*r + 7*q, r + 36 - 47 = -2*q. What is the highest common factor of r and 264?
1
Let y(k) = -k - 17. Let v be y(-2). Let s be 4/(24/v)*(-6)/1. Calculate the greatest common factor of 24 and s.
3
Let n(z) = -6 - 4*z**2 + 6*z**2 - 10 + z - 2*z. Let a be n(7). Let k(s) = 2*s**2 - 9*s - 26. Let v be k(8). Calculate the greatest common divisor of v and a.
15
Let n = 13 + -10. Suppose n*u + 2*c = 3*c + 12, -5*u = 4*c - 20. Suppose 24 = 3*l + 3*z, -4*z + 0 = -2*l + u. What is the greatest common divisor of 30 and l?
6
Suppose 37*v - 104 = 32*v - 3*a, 5*v - a = 92. What is the highest common factor of 4 and v?
1
Suppose -13 = 4*d - 1, -3*c + 4*d = -213. Suppose 9*z - 5*z - 142 = -2*u, -5*u = 2*z - c. Let l = 57 + -39. What is the highest common divisor of l and z?
18
Suppose 0 = -24*b + 22*b - 2, q - 910 = -2*b. Suppose 43*h = 27*h + q. Calculate the highest common factor of 3 and h.
3
Suppose z - 21 = 9. Suppose 6*g - 20*g = 2394. Let n = g + 181. What is the greatest common divisor of n and z?
10
Suppose 280 = -m + 5*m. Suppose -2*r + 0*f = -f - m, 0 = -r + f + 36. Let q be -2 - ((-5 - 54) + 6). Calculate the highest common factor of q and r.
17
Let i(n) = 14*n**2 + 15*n + 154. Let o be i(14). What is the highest common factor of 72 and o?
12
Suppose 4*v + 190 + 6 = 0. Let q = 43 + v. Let i be (q/(-8))/(-1*(-4)/800). Calculate the greatest common factor of i and 6.
6
Let z be ((-10)/(-7) - 1) + 370/35. Suppose 2*b + 468 = z*b. Calculate the highest common divisor of 65 and b.
13
Let c(x) = -148*x + 2. Let m be c(0). Calculate the highest common divisor of 254 and m.
2
Let l = 14 + 26. Let f = 3 - 1. Suppose -v + f*g = 2*v - 300, 0 = -v - 2*g + 100. Calculate the highest common divisor of l and v.
20
Let b = 1077 + -918. Calculate the highest common factor of 3 and b.
3
Suppose 0 = 4*l - 3*s + 579, 2*l = 7*s - 2*s - 307. Let w be 5 + l/15*-5. Calculate the highest common factor of 20 and w.
4
Let q = 13368 + 12236. Calculate the greatest common divisor of 74 and q.
74
Suppose -2*o - 8 = -2, u + o = 217. Let k = 224 - u. Calculate the greatest common divisor of 36 and k.
4
Let c = 5 + 0. Suppose 0 = 54*a + 11*a - 130. Suppose v - 24 = -a*v - c*r, -5*v + 4*r + 3 = 0. What is the highest common factor of 9 and v?
3
Suppose -f = 6*i - i + 4, 3 = 3*i. Let p(d) = d**2 + 15*d - 3. Let o be p(f). Let j = 27 - o. Calculate the greatest common divisor of 28 and j.
28
Suppose 0 = j - 3*j + 34. Let m be (-5 - -2)/(4/456). Let p = -206 - m. What is the highest common factor of j and p?
17
Let y = -25 - -55. Suppose -3*i + 8*i + z = 58, -y = -3*i + z. Suppose 0 = 72*o + 4572 - 13284. Calculate the highest common divisor of o and i.
11
Let c = 143 + -139. Suppose 4*l = -3*u - 0*u + 97, -c*u - 104 = -3*l. What is the greatest common factor of 16 and l?
4
Suppose 7*c - 17 = -80. Let m be 2/c + (-29)/(-9) - 38. Let y = m + 66. What is the highest common factor of 31 and y?
31
Suppose 2 = 3*z - 2*g, -5*z + g - 5 = -4*g. Suppose 3 + 3 = 2*p, 5*k + z*p = 3662. Suppose 404 = 18*x - k. Calculate the highest common factor of x and 9.
9
Suppose 336 = -35*c + 43*c. Suppose -31*x - c = -37*x. What is the highest common factor of x and 63?
7
Let p = 33 + 399. Calculate the greatest common divisor of p and 135.
27
Let w be (3 - 2)/((-7)/14). Let r be 4 + (0 - (w + -1)). Let i(a) = 60*a**2 + 3*a - 1. Let m be i(-1). What is the highest common factor of r and m?
7
Let m = -34 + 64. Let h = m - 27. Suppose 0 = h*p - 3*y - 9, -5*y + 1 = -2*p - p. What is the highest common divisor of 64 and p?
8
Let s(v) = v**3 + v**2 - v + 3. Suppose 0 = t - 0*t. Let u be s(t). Let y be (217 - 219) + (18 - 1). What is the greatest common divisor of y and u?
3
Suppose 3*q = 5*r, 7*r - 3*r + 4*q = 0. Suppose r = 12*d + 341 - 1001. Calculate the greatest common factor of 10 and d.
5
Let s(y) = -10*y - 22. Let t be s(-5). Let r be -4 + (t - (-3 + 3)). Let v be 2 + (r/16)/((-6)/(-116)). Calculate the greatest common factor of v and 124.
31
Let w = -3753 + 3943. What is the highest common factor of w and 40?
10
Suppose 0 = m + 4*p - 3753, 54*p - 7488 = -2*m + 49*p. Calculate the highest common factor of m and 132.
33
Let j = -28 + 166. Let a be ((-1311)/j)/(2/(-4)). Let i(k) = 5*k + 8. Let d be i(6). What is the greatest common divisor of d and a?
19
Let l be (-1)/(-1) + -8 + 13197 + -1242. What is the greatest common divisor of l and 116?
116
Let o be (-4)/(-16) + (-19476)/(-48). Calculate the greatest common divisor of o and 350.
14
Let m(w) = 11*w - 679. Let o be m(84). Calculate the highest common factor of 3969 and o.
49
Suppose -3*u + 437 = 32. Suppose -166*t = -169*t + u. Suppose 0 = 5*k - 5*o - 35, -3*o = 4*k - 2*k - 4. Calculate the greatest common divisor of t and k.
5
Let g(f) = -6*f - 204. Let n be ((-80)/(-6))/8 + 113/(-3). Let m be g(n). Calculate the greatest common divisor of 16 and m.
4
Suppose -2*n + 27 = 1. Let b = -195 + 207. Let g be (-117)/b*(-9 - -1). Calculate the highest common divisor of n and g.
13
Let v = 2 + -1. Let f be 451/143 + (-66)/91 + (-4)/(-7). Let q be (0 - f) + (v + -2)*-51. Calculate the greatest common divisor of q and 4.
4
Let p(t) = -16*t + 21*t + 1 + 14. Let y be p(8). Suppose y = u + 29. What is the greatest